f(p) = p**2 - 6*p + 5. Let u be f(5). Let l be (u*(-3)/9)/1. What are the prime factors of -4 - (l - 64/2)?
2, 7
Let l(p) = 23*p**2 - 13*p - 34. Let s be l(-3). Let f = 676 - s. What are the prime factors of f?
2, 29
Suppose 3*n + 3*n = 0. Suppose n = d - z + 11, 0 = 3*d - 6*d + 4*z - 30. Let p(a) = -13*a - 49. List the prime factors of p(d).
7, 19
Suppose 8*v - 12 = 2*v. Suppose v*z = -2*x - x + 30, -x = -z + 20. Suppose 17*n = z*n - 155. List the prime factors of n.
5, 31
Let g be (-30)/(-9)*(-6)/(-4). Suppose -l + 424 - 29 = -5*j, -5*l - g*j + 2035 = 0. List the prime factors of l.
3, 5
Let d(l) = 138*l**2 + 2*l + 1. Let v(r) = -15*r + 42. Let n(k) = -8*k + 21. Let s(j) = 5*n(j) - 3*v(j). Let y be s(4). List the prime factors of d(y).
137
Let m = 49 - -2. Let r(a) = a**3 - 51*a**2 + 9*a + 82. What are the prime factors of r(m)?
541
Let y be -3 + 684 - (-4 - 0). Suppose 0*l + 2*l + 5*r = y, r = -3*l + 1034. List the prime factors of l.
3, 5, 23
Let v = -18800 - -27187. What are the prime factors of v?
8387
Let l(z) = -44*z - 37 + 13*z - 35*z. What are the prime factors of l(-10)?
7, 89
Let t(c) = -c**3 + 14*c**2 - 26*c + 24. Suppose 0 = -21*n + 3*n + 198. List the prime factors of t(n).
101
Suppose -2*g + 10 = 0, 68*g = 5*z + 73*g - 16270. List the prime factors of z.
3, 19
Let n = 191 - 69. Suppose -13*s = 17*s + 2310. Let i = s + n. What are the prime factors of i?
3, 5
Suppose 211 = 5*g + 16. Let i = 70 - g. List the prime factors of (2/2 + i)*(0 - -1).
2
Let m be (18/15)/(14/2975). Suppose 1585 = 10*y + m. List the prime factors of y.
7, 19
Suppose 0 = 2*z - 4 - 4. Suppose 0*b - 5*b = z*k - 1367, -10 = 5*k. Suppose b = -5*m + 10*m. List the prime factors of m.
5, 11
Suppose -68092 = -58*w - 0*w. What are the prime factors of w?
2, 587
Suppose -9*b + r - 4*r - 17061 = -12*b, 0 = -6*r. List the prime factors of b.
11, 47
Let g(d) = 252*d**3 + 8*d**2 - 2*d - 5. Let w be g(3). Suppose -20*f + w = -5615. List the prime factors of f.
2, 3, 13
Let n(u) = -13142*u + 71. Let x be n(-5). Suppose -x = -38*w - 6083. List the prime factors of w.
1571
Let v be (1/1)/((-5)/(-115)). Suppose -v - 82 = -2*c - m, 4*c - 2*m - 190 = 0. What are the prime factors of c?
2, 5
Suppose -63 = -9*z - 27. What are the prime factors of z - (3/21 - (-1668)/(-14))?
3, 41
Suppose 4 = -p, 2699 = 3*l + 13*p - 15*p. What are the prime factors of l?
3, 13, 23
Suppose o = -2*i + 5*i - 2, 2*o + 3*i - 5 = 0. Suppose 3*j - 1402 = -5*n, 8*n - o = 9*n. List the prime factors of j.
7, 67
Suppose 85 - 453 = 4*j. Let p = 76 + j. List the prime factors of (p/20)/(2/(-305)).
2, 61
Let y = -36 + 12. Let m be 6/y - 5/(-4). List the prime factors of (4 + -1)/(m - (-364)/(-376)).
2, 47
Suppose 2*m + 3*m = -k + 113, 4*k = 5*m + 327. Let l be k/(-3 - -7) + -1. Suppose 5*s - l = -4*c, 0 = -3*c + 3*s - 6*s + 15. List the prime factors of c.
2
Let k = -29061 + 68565. List the prime factors of k.
2, 3, 823
Let h = -49694 + 72244. List the prime factors of h.
2, 5, 11, 41
Let p = -187 - -127. Let v be (-21 + 0)/(-3*(-3)/p). Let w = -71 + v. What are the prime factors of w?
3, 23
Let f(x) = x**3 + 19*x**2 + 73*x + 32. What are the prime factors of f(-10)?
2, 101
Let y(v) = 30*v**2 + v + 1. Let g be (6/4)/3 - 49/(-14). Let n be y(g). List the prime factors of -2*n/(-25)*15/6.
97
Suppose -82*v - 607191 + 755796 = -1663267. List the prime factors of v.
2, 1381
Let d = 145 + -133. Suppose -16*y + d*y + 248 = 0. List the prime factors of y.
2, 31
Let c(o) = -o**3 + 6*o**2 + 14*o + 23. Let j be c(8). Suppose -j*p + 1296 = -1217. What are the prime factors of p?
359
Let v(g) = -g**3 - 23*g**2 + 47*g - 66. Let a be v(-25). Suppose -a*p + 6*p = b - 911, 4 = -b. What are the prime factors of p?
5, 61
Let p(q) = q**3 - 14*q**2 + 14*q - 15. Let d be p(13). What are the prime factors of 765 + d + 10/2?
2, 3
Let b = -7 + 15. Suppose -b + 12 = 2*t. Let f(l) = 6*l**3 - 2*l + 1. What are the prime factors of f(t)?
3, 5
Let f = 544 - 405. Suppose 143*x - 2140 = f*x. List the prime factors of x.
5, 107
Let w be (60/(-50))/((-6)/15). Suppose 0 = u + 2, -w*u = -j - 2*j + 2394. List the prime factors of j.
2, 199
Let t(m) be the first derivative of 3*m - 8 - 7/2*m**2. List the prime factors of t(-5).
2, 19
Suppose 0 = -3*m + 12, -4*g = -6*g + 5*m - 40. Let j = 314 + g. List the prime factors of j.
2, 19
Let t = 29 + -26. Suppose 0*m = -t*m + 987. Suppose m + 541 = 6*k. What are the prime factors of k?
5, 29
Let a = -455 - -458. Suppose -d - 600 = -a*m, -2*m = -6*m + 5*d + 800. What are the prime factors of m?
2, 5
Let c = -22 - -22. Suppose 4*k = 3*k + j + 6, c = 5*k + j - 6. Suppose -5*a = y - 592, a + k*y - 470 = -3*a. What are the prime factors of a?
7, 17
Let i = -3045 + 5152. List the prime factors of i.
7, 43
Suppose 67*a - 66*a - 40 = 0. Suppose -40*j + 44*j = -a. Let l(i) = i**3 + 9*i**2 - 15*i + 3. What are the prime factors of l(j)?
53
Suppose -15*u + 61442 - 12155 + 84738 = 0. What are the prime factors of u?
5, 1787
Suppose -3*o - f = 54 - 378, -o + 108 = 4*f. Let y = o - 108. Suppose 0 = q - 4*j - 176, -5*q - j + y*j + 859 = 0. List the prime factors of q.
2, 43
Let m = -74 - -84. Suppose 4*j - 1148 = -4*t, -3*j + m - 1 = 0. List the prime factors of t.
2, 71
Let m(r) = -243*r + 916. What are the prime factors of m(-36)?
2, 151
Suppose 0 = -14*n - n + 75. What are the prime factors of n?
5
Suppose -2*c + 256 = -4*d, 4*c - d - 522 = 2*d. Suppose c + 144 = w. What are the prime factors of w?
2, 3, 23
Let o = -7748 + 4703. Let q = -1514 - o. What are the prime factors of q?
1531
Suppose 47 = -2*c + x, 4*x - 3*x - 5 = 0. What are the prime factors of ((-327)/9)/(7/c)?
109
Suppose 241*k + 24 = 472*k - 235*k. Let h(n) = -18*n + 2*n - 2*n. List the prime factors of h(k).
2, 3
Suppose 43*z - 48*z + 1415 = 0. Let h = -98 + z. List the prime factors of h.
5, 37
Suppose -2*l + 2*u = -21942, -23*l + 21*l = 4*u - 21954. What are the prime factors of l?
10973
Let m = 3272 + -1508. What are the prime factors of m?
2, 3, 7
Let i = 100021 - 66546. List the prime factors of i.
5, 13, 103
Suppose 2*y - 36 = -24. What are the prime factors of 245 + -8 + 1 + y?
2, 61
Suppose -21*f + 26*f - 15 = 0. Suppose 0 = s - f, 3*s = t + 2*s - 24. What are the prime factors of t?
3
Suppose 3*h - 3530 = -5*f, 29*f = 2*h + 25*f - 2390. What are the prime factors of h?
3, 5, 79
Let z = 104 - 66. Let n = z - 34. List the prime factors of (-436)/(-8) - 6/n.
53
Suppose -13*b - 5*b + 4698 = 0. Let z = b - 213. What are the prime factors of z?
2, 3
Let w(x) = x**2 + 2*x + 59. Suppose 0 = -2*r - 34 + 22. Let c(g) = g**2 + 5*g - 6. Let t be c(r). List the prime factors of w(t).
59
Let b = -765 + 768. Suppose b*s = 463 + 428. List the prime factors of s.
3, 11
Let t(u) = 38*u + 10. Suppose -2*f - 6 = 4*v - 28, -4*f + 9 = 3*v. Let a be t(v). Suppose -53 = -h - 2*n, -4*h - 5*n + a = 52. List the prime factors of h.
61
Suppose 42*f = 1905829 + 738869. List the prime factors of f.
62969
Let z(f) = 544*f - 110. List the prime factors of z(1).
2, 7, 31
Let p(c) = c**2 + 37*c - 164. Let m be p(-41). Let x be (-1 + -2)/((-15)/20). Suppose x*z + m*z = 188. What are the prime factors of z?
47
Suppose 4*u + 3*w - 201104 = 0, -u - 3*w = 16175 - 66442. List the prime factors of u.
137, 367
Let y = 43993 - 30954. What are the prime factors of y?
13, 17, 59
Let h(s) = s**3 - 32*s**2 - 7*s - 21. Let n be h(33). Suppose 2491 = 3*i - 5*j, 4*i - 3*i + 5*j - n = 0. What are the prime factors of i?
2, 13
Suppose 3*v + 2*x - 27 = 0, v - x - 17 = -8. Let y = 623 - 179. Suppose -13*i = -v*i - y. List the prime factors of i.
3, 37
Suppose 2*c - 4*w + 4837 = 7*c, -2904 = -3*c - 3*w. Let t = 104 + c. What are the prime factors of t?
1069
Let c = -1118 + 1988. Suppose -2294 = 868*v - c*v. List the prime factors of v.
31, 37
Let s be (8/12)/((-3)/36). Let c(m) = -75*m - 4. List the prime factors of c(s).
2, 149
Suppose 3*d + a = 25378 + 42328, 45140 = 2*d + 2*a. What are the prime factors of d?
2, 7, 13, 31
Let l be 4/(8/(-2)) - -5*1. List the prime factors of -4*(3 + (-463)/l) + -4.
3, 149
Let v(u) = 18*u + 10*u - 2*u**2 + 8*u**2 - 2*u**2. List the prime factors of v(-13).
2, 3, 13
Let z = -35091 + 53849. List the prime factors of z.
2, 83, 113
Let h(z) = z**3 - 2*z**2 +